on factor of 150 and 175?
25
What is the greatest common factor of 2 and 19?
1
Calculate the greatest common divisor of 53 and 1.
1
Calculate the greatest common divisor of 377 and 312.
13
Calculate the greatest common divisor of 45 and 25.
5
Calculate the greatest common divisor of 70 and 112.
14
Calculate the highest common factor of 325 and 725.
25
Calculate the greatest common factor of 833 and 17.
17
What is the greatest common factor of 68 and 374?
34
Calculate the greatest common factor of 1104 and 48.
48
Calculate the highest common factor of 448 and 1376.
32
Calculate the greatest common divisor of 84 and 15.
3
Calculate the highest common divisor of 77 and 110.
11
Calculate the highest common divisor of 84 and 7028.
28
What is the highest common factor of 4080 and 144?
48
Calculate the highest common factor of 1600 and 1500.
100
Calculate the greatest common divisor of 59 and 59.
59
Calculate the highest common divisor of 207 and 27.
9
What is the highest common divisor of 5397 and 168?
21
Calculate the highest common divisor of 315 and 90.
45
Calculate the highest common divisor of 1606 and 73.
73
What is the highest common factor of 21 and 672?
21
What is the highest common divisor of 51 and 51306?
51
What is the highest common divisor of 24 and 1044?
12
What is the greatest common factor of 3542 and 66?
22
What is the greatest common divisor of 53 and 2067?
53
Calculate the highest common divisor of 406 and 28.
14
What is the highest common divisor of 126 and 714?
42
What is the highest common factor of 874 and 456?
38
Calculate the highest common divisor of 916 and 8473.
229
What is the highest common factor of 91 and 30394?
91
What is the greatest common factor of 1320 and 8?
8
Calculate the greatest common factor of 2323 and 101.
101
What is the highest common divisor of 114 and 6?
6
Calculate the highest common divisor of 44 and 21142.
22
Calculate the highest common divisor of 50 and 1025.
25
Calculate the greatest common factor of 4221 and 63.
63
What is the highest common factor of 3130 and 80?
10
What is the highest common divisor of 132 and 2046?
66
Calculate the highest common factor of 69 and 184.
23
Calculate the highest common divisor of 1580 and 40.
20
Calculate the greatest common divisor of 219 and 584.
73
Calculate the greatest common factor of 213 and 30104.
71
Calculate the highest common divisor of 39 and 7696.
13
What is the highest common divisor of 1160 and 40?
40
What is the highest common factor of 2430 and 30?
30
What is the highest common factor of 9 and 51?
3
What is the highest common divisor of 19061 and 49?
49
Calculate the highest common divisor of 36 and 531.
9
What is the greatest common factor of 1912 and 8?
8
What is the highest common divisor of 31 and 31?
31
Calculate the greatest common factor of 34 and 2465.
17
Calculate the greatest common divisor of 836 and 737.
11
Calculate the greatest common factor of 6 and 192.
6
What is the greatest common factor of 117 and 91?
13
What is the highest common divisor of 112 and 1022?
14
Calculate the highest common divisor of 22 and 176.
22
What is the highest common divisor of 84 and 132?
12
Calculate the highest common divisor of 192 and 168.
24
Calculate the greatest common factor of 204 and 48.
12
What is the highest common divisor of 1005 and 15?
15
What is the highest common divisor of 6812 and 39?
13
What is the greatest common factor of 91 and 117?
13
Calculate the highest common divisor of 17499 and 307.
307
What is the greatest common factor of 70 and 42?
14
Calculate the highest common divisor of 784 and 28.
28
Calculate the highest common factor of 8704 and 136.
136
What is the greatest common divisor of 546 and 312?
78
Calculate the greatest common divisor of 7 and 1659.
7
What is the greatest common divisor of 86 and 4343?
43
Calculate the highest common factor of 9 and 5085.
9
What is the greatest common divisor of 403 and 3?
1
Calculate the greatest common factor of 11 and 121.
11
What is the highest common divisor of 1519 and 31?
31
What is the highest common divisor of 299 and 23?
23
Calculate the greatest common divisor of 69 and 12.
3
Calculate the greatest common divisor of 966 and 4578.
42
What is the highest common factor of 488 and 16?
8
Calculate the greatest common divisor of 11 and 13123.
11
Calculate the highest common factor of 36 and 42.
6
What is the greatest common factor of 164 and 4469?
41
Calculate the highest common divisor of 32 and 7624.
8
What is the highest common divisor of 69 and 713?
23
Calculate the highest common factor of 990 and 110.
110
What is the greatest common divisor of 94 and 2632?
94
Calculate the greatest common divisor of 64 and 12704.
32
Calculate the greatest common divisor of 28 and 868.
28
Calculate the highest common factor of 1557 and 36.
9
What is the greatest common factor of 4037 and 11?
11
Calculate the greatest common factor of 208 and 32.
16
Calculate the greatest common divisor of 24 and 296.
8
Calculate the greatest common factor of 74 and 407.
37
Calculate the greatest common factor of 3321 and 1296.
81
Calculate the greatest common factor of 35 and 14.
7
Calculate the highest common factor of 17108 and 104.
52
What is the highest common divisor of 36 and 24?
12
Calculate the highest common divisor of 30 and 590.
10
What is the highest common factor of 1287 and 88?
11
What is the greatest common factor of 728 and 78?
26
What is the highest common factor of 8027 and 23?
23
What is the greatest common factor of 483 and 1035?
69
Calculate the greatest common factor of 68 and 476.
68
What is the highest common divisor of 663 and 357?
51
Calculate the greatest common factor of 17560 and 40.
40
What is the greatest common factor of 535 and 856?
107
Calculate the greatest common factor of 33 and 121.
11
What is the greatest common factor of 12 and 114?
6
Calculate the highest common factor of 203 and 12557.
29
What is the highest common divisor of 118 and 6726?
118
What is the greatest common divisor of 1728 and 2646?
54
What is the highest common factor of 841 and 116?
29
What is the highest common divisor of 24 and 152?
8
Calculate the greatest common divisor of 10 and 31665.
5
Calculate the greatest common factor of 20042 and 22.
22
What is the greatest common divisor of 100 and 8950?
50
Calculate the greatest common factor of 70 and 2380.
70
What is the greatest common divisor of 47 and 13771?
47
What is the highest common divisor of 825 and 105?
15
Calculate the highest common factor of 11 and 121.
11
What is the highest common factor of 2214 and 574?
82
Calculate the highest common factor of 6688 and 2736.
304
What is the greatest common divisor of 55 and 33?
11
What is the greatest common divisor of 93 and 3379?
31
What is the highest common factor of 494 and 52?
26
Calculate the greatest common factor of 2 and 206.
2
What is the highest common divisor of 9 and 10557?
9
Calculate the highest common divisor of 633 and 3.
3
What is the greatest common factor of 481 and 851?
37
Calculate the highest common divisor of 47359 and 13.
13
Calculate the greatest common factor of 4095 and 10.
5
Calculate the greatest common factor of 15 and 105.
15
Calculate the greatest common factor of 976 and 2074.
122
Calculate the greatest common divisor of 2384 and 3278.
298
What is the highest common divisor of 76 and 15599?
19
Calculate the highest common factor of 8 and 472.
8
Calculate the greatest common factor of 70 and 940.
10
What is the highest common divisor of 104809 and 163?
163
Calculate the greatest common divisor of 1106 and 474.
158
Calculate the highest common factor of 33 and 649.
11
What is the greatest common factor of 2 and 241?
1
What is the highest common factor of 282 and 987?
141
What is the highest common factor of 174 and 6380?
58
What is the greatest common divisor of 8 and 76?
4
What is the highest common divisor of 336 and 192?
48
What is the highest common factor of 2405 and 715?
65
What is the greatest common factor of 56 and 136?
8
What is the highest common factor of 6171 and 102?
51
Calculate the highest common factor of 320 and 120.
40
Calculate the highest common factor of 9 and 927.
9
Calculate the highest common factor of 7627 and 29.
29
Calculate the highest 